{"id":17068,"date":"2025-05-07T21:53:32","date_gmt":"2025-05-07T19:53:32","guid":{"rendered":"https:\/\/www.uif.gob.bo\/?page_id=17068"},"modified":"2025-09-11T14:08:00","modified_gmt":"2025-09-11T18:08:00","slug":"17068-2","status":"publish","type":"page","link":"https:\/\/www.uif.gob.bo\/index.php\/17068-2\/","title":{"rendered":"Denuncias por Hechos de Corrupci\u00f3n"},"content":{"rendered":"\n<p>Las denuncias contra servidoras y servidores p\u00fablicos de la UIF por\u00a0<strong>negativa injustificada de acceso a la informaci\u00f3n<\/strong>\u00a0y\/o\u00a0<strong>posibles hechos de corrupci\u00f3n<\/strong>\u00a0deben ser presentadas al Ministerio de Econom\u00eda y Finanzas P\u00fablicas, la UIF pone a su disposici\u00f3n las siguientes v\u00edas para que usted realice su denuncia:<\/p>\n\n\n\n<p> <h4> SITPRECO <\/h4> <\/p>\n\n\n\n<p>Sistema de Informaci\u00f3n de Transparencia, Prevenci\u00f3n y Lucha Contra la Corrupci\u00f3n<\/p>\n\n\n\n<p>Si usted cuenta con Ciudadan\u00eda Digital puede presentar su denuncia de forma directa al Ministerio de Justicia y Transparencia Institucional a trav\u00e9s del sistema SITPRECO<\/p>\n\n\n\n<p><a href=\"https:\/\/sitpreco.s2plus.transparencia.gob.bo\/\"><strong>Acceder al sistema SITPRECO -&gt;<\/strong><\/a><\/p>\n\n\n\n<p><h4>Formulario de denuncias<\/h4><\/p>\n\n\n\n<p>Si usted no cuenta con Ciudadan\u00eda Digital, puede presentar su Denuncia por hechos de corrupci\u00f3n de forma an\u00f3nima al \u00c1rea de Transparencia Institucional mediante el siguiente formulario:<\/p>\n\n\n\n<p><a href=\"https:\/\/www.uif.gob.bo\/index.php\/formulario-de-denuncias\/\"><strong>Acceder al formulario -&gt;<\/strong><\/a><\/p>\n\n\n\n<p><h4>L\u00ednea telef\u00f3nica<\/h4><\/p>\n\n\n\n<p><\/p>\n\n\n\n<p>Linea Gratuita: <strong>800-10-3777<\/strong><\/p>\n\n\n\n<p>Correo Electr\u00f3nico: <strong>transparencia@economiayfinanzas.gob.bo<\/strong><\/p>\n\n\n\n<p><h4>Presentaci\u00f3n presencial del Formulario de denuncias<\/h4><\/p>\n\n\n\n<p><strong>RECLAMOS, QUEJAS Y SUGERENCIAS <\/strong><br>Los\u00a0<strong>reclamos, quejas y\/o sugerencias referentes a la UIF<\/strong>, la lucha contra el Lavado de Dinero, Financiamiento del Terrorismo y Financiamiento de la Proliferaci\u00f3n de Armas de Destrucci\u00f3n Masiva, pueden ser presentados en nuestra p\u00e1gina web www.uif.gob.bo en la secci\u00f3n \u201c<a href=\"http:\/\/200.105.133.198\/institucional\/contacto\/\" target=\"_blank\" rel=\"noreferrer noopener\">Contacto<\/a>\u201d.<\/p>\n\n\n\n<p><strong>DENUNCIAS POR LAVADO DE DINERO<\/strong><\/p>\n\n\n\n<p>Para\u00a0<strong>denuncias por posibles casos de Lavado de Dinero, Financiamiento del Terrorismo<\/strong>\u00a0y\u00a0<strong>Financiamiento de la Proliferaci\u00f3n de Armas de Destrucci\u00f3n Masiva<\/strong>, usted puede acudir al Ministerio P\u00fablico y\/o a la Polic\u00eda boliviana.<\/p>\n\n\n\n<figure class=\"wp-block-image is-resized\"><img decoding=\"async\" src=\"https:\/\/www.uif.gob.bo\/wp-content\/uploads\/2022\/12\/005.gif\" alt=\"\" class=\"wp-image-6225\" style=\"width:521px;height:auto\"\/><\/figure>\n","protected":false},"excerpt":{"rendered":"<p>Las denuncias contra servidoras y servidores p\u00fablicos de la UIF por\u00a0negativa injustificada de acceso a la informaci\u00f3n\u00a0y\/o\u00a0posibles hechos de corrupci\u00f3n\u00a0deben ser presentadas al Ministerio de Econom\u00eda y Finanzas P\u00fablicas, la UIF pone a su disposici\u00f3n las siguientes v\u00edas para que usted realice su denuncia: SITPRECO Sistema de Informaci\u00f3n de Transparencia, Prevenci\u00f3n y Lucha Contra la [&hellip;]<\/p>\n","protected":false},"author":1,"featured_media":0,"parent":0,"menu_order":0,"comment_status":"closed","ping_status":"closed","template":"","meta":{"_acf_changed":false,"footnotes":""},"class_list":["post-17068","page","type-page","status-publish","hentry"],"acf":[],"_links":{"self":[{"href":"https:\/\/www.uif.gob.bo\/index.php\/wp-json\/wp\/v2\/pages\/17068","targetHints":{"allow":["GET"]}}],"collection":[{"href":"https:\/\/www.uif.gob.bo\/index.php\/wp-json\/wp\/v2\/pages"}],"about":[{"href":"https:\/\/www.uif.gob.bo\/index.php\/wp-json\/wp\/v2\/types\/page"}],"author":[{"embeddable":true,"href":"https:\/\/www.uif.gob.bo\/index.php\/wp-json\/wp\/v2\/users\/1"}],"replies":[{"embeddable":true,"href":"https:\/\/www.uif.gob.bo\/index.php\/wp-json\/wp\/v2\/comments?post=17068"}],"version-history":[{"count":11,"href":"https:\/\/www.uif.gob.bo\/index.php\/wp-json\/wp\/v2\/pages\/17068\/revisions"}],"predecessor-version":[{"id":19861,"href":"https:\/\/www.uif.gob.bo\/index.php\/wp-json\/wp\/v2\/pages\/17068\/revisions\/19861"}],"wp:attachment":[{"href":"https:\/\/www.uif.gob.bo\/index.php\/wp-json\/wp\/v2\/media?parent=17068"}],"curies":[{"name":"wp","href":"https:\/\/api.w.org\/{rel}","templated":true}]}}